 (base 14) to base 2
-101001101
What is 1024 (base 7) in base 5?
2421
Convert -10011000000010 (base 2) to base 3.
-111100101
What is 16550 (base 9) in base 14?
4213
Convert 411 (base 10) to base 9.
506
Convert -155a1 (base 11) to base 2.
-101010111111100
-2019 (base 10) to base 6
-13203
What is -2221 (base 3) in base 11?
-72
-11322 (base 4) to base 2
-101111010
What is -161545 (base 7) in base 3?
-1121200001
What is -436a (base 13) in base 11?
-7060
What is 43a5 (base 13) in base 7?
36331
What is -1d4 (base 15) in base 10?
-424
Convert -11104 (base 6) to base 8.
-3020
-21232 (base 5) to base 6
-10402
Convert 17715 (base 11) to base 9.
37038
12112 (base 3) to base 14
a9
Convert 65db (base 15) to base 3.
1002121022
Convert 1186 (base 12) to base 14.
a10
What is 13d1 (base 14) in base 13?
17a5
What is 337 (base 8) in base 2?
11011111
51b (base 15) to base 2
10001111111
What is 2011010010 (base 3) in base 11?
29915
Convert 4265 (base 9) to base 10.
3137
Convert -130210 (base 6) to base 2.
-10110111011110
What is 36293 (base 10) in base 3?
1211210012
-30c (base 14) to base 6
-2440
1000210 (base 4) to base 13
1b5b
Convert 1101000010 (base 2) to base 6.
3510
5240 (base 9) to base 11
2984
1334 (base 11) to base 5
23411
What is 403 (base 15) in base 16?
387
-114420 (base 6) to base 9
-14753
Convert 1342 (base 6) to base 3.
110222
-395 (base 13) to base 9
-768
What is -1020011 (base 3) in base 6?
-4051
-1630 (base 7) to base 14
-350
-101210031 (base 4) to base 14
-1c313
22315 (base 6) to base 4
301013
-5b3 (base 16) to base 4
-112303
Convert 1457 (base 10) to base 7.
4151
Convert 41343 (base 5) to base 6.
20335
What is -27851 (base 9) in base 15?
-5914
Convert ba0 (base 15) to base 6.
20053
-14770 (base 13) to base 7
-220414
Convert -100000120 (base 3) to base 2.
-1100110110000
What is -122445 (base 6) in base 4?
-2223131
What is -22441 (base 5) in base 10?
-1621
13103 (base 4) to base 12
32b
159a (base 11) to base 2
11111111101
What is -cbe (base 16) in base 7?
-12340
Convert -17a (base 14) to base 5.
-2204
Convert -7120 (base 9) to base 15.
-181c
What is -110100000100 (base 2) in base 5?
-101312
Convert -558 (base 16) to base 4.
-111120
4500 (base 7) to base 15
72c
Convert 113420 (base 5) to base 15.
13c5
Convert 112221 (base 3) to base 6.
1511
-24a (base 13) to base 6
-1504
What is -232342 (base 5) in base 9?
-12553
Convert 1718 (base 9) to base 15.
5c8
Convert -1002111 (base 3) to base 2.
-1100011100
Convert 10589 (base 10) to base 4.
2211131
What is -2010320 (base 4) in base 16?
-2138
What is -1b00 (base 14) in base 9?
-6644
Convert 1020 (base 10) to base 2.
1111111100
Convert -1012041 (base 5) to base 8.
-40211
Convert 10011101001 (base 2) to base 7.
3444
What is 544 (base 16) in base 12?
944
What is -320523 (base 6) in base 8?
-63003
What is -33155 (base 6) in base 14?
-1971
Convert 12c87 (base 14) to base 9.
70547
What is 108 (base 12) in base 10?
152
What is -1394 (base 12) in base 15?
-a17
Convert -21110100 (base 4) to base 10.
-38160
Convert 4863 (base 14) to base 10.
12631
Convert 1212210201 (base 3) to base 6.
443244
-453 (base 7) to base 10
-234
What is 16141 (base 7) in base 14?
1921
Convert 789 (base 14) to base 8.
2725
8ecf (base 16) to base 5
2132214
What is 101110101 (base 2) in base 4?
11311
Convert -1256 (base 7) to base 9.
-585
What is -3005 (base 8) in base 10?
-1541
Convert -20122 (base 4) to base 2.
-1000011010
Convert -1 (base 11) to base 9.
-1
-76 (base 15) to base 13
-87
What is -163a (base 15) in base 13?
-2239
Convert 1342 (base 5) to base 2.
11011110
What is 373 (base 9) in base 2?
100110101
Convert 42832 (base 10) to base 7.
235606
-3231322 (base 4) to base 15
-47a1
Convert 404 (base 13) to base 2.
1010101000
Convert 1001011001 (base 2) to base 11.
4a7
-1715d (base 14) to base 13
-20481
What is 10101 (base 2) in base 6?
33
1b6 (base 13) to base 15
163
What is -1418 (base 15) in base 16?
-10ca
Convert -133230 (base 4) to base 13.
-c00
46182 (base 9) to base 10
30773
533 (base 14) to base 3
1101222
-385 (base 11) to base 9
-556
What is -514 (base 10) in base 8?
-1002
What is -15006 (base 11) in base 2?
-101001100110110
4228 (base 13) to base 9
13507
What is -168 (base 10) in base 12?
-120
2131 (base 4) to base 11
133
-5747 (base 8) to base 16
-be7
8c (base 14) to base 2
1111100
What is -15013 (base 8) in base 4?
-1220023
What is -317 (base 13) in base 4?
-20033
What is 1646 (base 11) in base 12?
1277
220111 (base 3) to base 9
814
-634 (base 7) to base 10
-319
What is 21000111 (base 3) in base 12?
2b64
What is -22302 (base 10) in base 2?
-101011100011110
Convert -11100111010001 (base 2) to base 9.
-22265
What is -10647 (base 8) in base 2?
-1000110100111
213314 (base 5) to base 8
16246
-19805 (base 11) to base 8
-65711
Convert -10010101010 (base 2) to base 3.
-1122020
What is -80 (base 11) in base 10?
-88
377 (base 11) to base 7
1206
4868 (base 9) to base 2
111000101010
504 (base 9) to base 2
110011001
What is -bbe5 (base 15) in base 10?
-39815
Convert 1005 (base 6) to base 8.
335
Convert -de3 (base 16) to base 10.
-3555
Convert 543 (base 11) to base 4.
22030
What is 1077 (base 10) in base 3?
1110220
Convert 221126 (base 7) to base 13.
1489a
1001010 (base 2) to base 16
4a
Convert 111110010 (base 2) to base 8.
762
11a0 (base 11) to base 14
7d8
Convert 32023 (base 5) to base 16.
85a
112222 (base 3) to base 16
194
Convert -30211 (base 10) to base 16.
-7603
What is -101101 (base 2) in base 8?
-55
1620 (base 7) to base 10
651
What is 10111001000 (base 2) in base 14?
77a
What is -202031 (base 5) in base 15?
-1de6
-230 (base 10) to base 3
-22112
Convert -33121322 (base 4) to base 14.
-18dd0
Convert -11185 (base 14) to base 16.
-a201
What is 17338 (base 14) in base 5?
3331022
Convert 1142 (base 6) to base 5.
2103
What is 1a97 (base 12) in base 16?
cd3
Convert -22232303 (base 4) to base 7.
-242102
What is -5b74 (base 13) in base 10?
-12939
Convert b72 (base 13) to base 5.
30302
Convert -213313 (base 4) to base 8.
-4767
-154 (base 10) to base 4
-2122
-302 (base 6) to base 15
-75
Convert -59a11 (base 11) to base 7.
-506625
Convert -65a (base 12) to base 14.
-4aa
What is 41134 (base 5) in base 2?
101001101101
What is -1180 (base 12) in base 7?
-5511
What is a62 (base 14) in base 10?
2046
5c (base 14) to base 6
214
9c (base 13) to base 4
2001
What is 3636 (base 10) in base 11?
2806
What is -3171 (base 9) in base 11?
-1830
Convert 261 (base 9) to base 12.
161
Convert -57ac (base 13) to base 2.
-11000000010110
What is 12b26 (base 13) in base 2?
1000100000011110
2042 (base 5) to base 13
17c
Convert -10223 (base 7) to base 3.
-10110012
Convert -35434 (base 6) to base 3.
-21001011
What is 13 (base 9) in base 4?
30
What is 104334 (base 6) in base 15?
28ea
What is 40622 (base 7) in base 11?
74a3
Convert -625 (base 13) to base 16.
-415
Convert 37b4 (base 14) to base 10.
9762
What is 3264 (base 8) in base 7?
5001
1233 (base 9) to base 4
32121
-808 (base 9) to base 13
-3b6
What is -1cec (base 16) in base 15?
-22d9
1895 (base 13) to base 12
215b
What is -2464 (base 8) in base 4?
-110310
What is -5822 (base 12) in base 5?
-303233
112101 (base 3) to base 12
284
Convert 4bd (base 14) to base 7.
2526
What is 34331 (base 5) in base 11?
1942
Convert 25522 (base 7) to base 8.
15172
-2024 (base 5) to base 14
-14c
2305 (base 7) to base 2
1101000110
1142344 (base 5) to base 14
7c2b
Convert 15125 (base 8) to base 3.
100020200
-44231 (base 5) to base 11
-2338
What is 10a (base 15) in base 12?
177
Convert -a5cb (base 15) to base 12.
-18362
Convert 42212 (base 7) to base 4.
2202131
What is -23414 (base 5) in base 14?
-8bc
What is -110001111101010 (base 2) in base 7?
-134400
Convert ab54 (base 13) to base 6.
302350
Convert -d1e (base 16) to base 7.
-12535
Convert 2a4 (base 15) to base 14.
312
Convert 916 (base 12) to base 10.
1314
Convert 22b (base 12) to base 2.
101000011
1338 (base 13) to base 15
c36
What is -334e (base 15) in base 3?
-112220202
-11111111011000 (base 2) to base 9
-24370
Convert -1101100100101 (base 2) to base 5.
-210244
Convert -371 (base 11) to base 3.
-121100
Convert 1686 (base 10) to base 14.
886
216 (base 9) to base 3
20120
-733 (base 9) to base 4
-21111
-33 (base 14) to base 10
-45
Convert 3022 (base 10) to base 9.
4127
Convert 4607 (b